{"id":2,"date":"2007-02-01T23:14:18","date_gmt":"2007-02-02T05:14:18","guid":{"rendered":""},"modified":"2020-08-03T11:33:26","modified_gmt":"2020-08-03T09:33:26","slug":"about","status":"publish","type":"page","link":"http:\/\/kathrinfutter.ch\/blog\/about","title":{"rendered":"About"},"content":{"rendered":"<div class=\"twoclick_social_bookmarks_post_2 social_share_privacy clearfix 1.6.4 locale-de_DE sprite-de_DE\"><\/div><div class=\"twoclick-js\"><script type=\"text\/javascript\">\/* <![CDATA[ *\/\njQuery(document).ready(function($){if($('.twoclick_social_bookmarks_post_2')){$('.twoclick_social_bookmarks_post_2').socialSharePrivacy({\"txt_help\":\"Wenn Sie diese Felder durch einen Klick aktivieren, werden Informationen an Facebook, Twitter, Flattr, Xing, t3n, LinkedIn, Pinterest oder Google eventuell ins Ausland \\u00fcbertragen und unter Umst\\u00e4nden auch dort gespeichert. N\\u00e4heres erfahren Sie durch einen Klick auf das <em>i<\\\/em>.\",\"settings_perma\":\"Dauerhaft aktivieren und Daten\\u00fcber-tragung zustimmen:\",\"info_link\":\"http:\\\/\\\/www.heise.de\\\/ct\\\/artikel\\\/2-Klicks-fuer-mehr-Datenschutz-1333879.html\",\"uri\":\"http:\\\/\\\/kathrinfutter.ch\\\/blog\\\/about\",\"post_id\":2,\"post_title_referrer_track\":\"About\",\"display_infobox\":\"on\"});}});\n\/* ]]> *\/<\/script><\/div><p><img loading=\"lazy\" decoding=\"async\" class=\"wp-image-2238  alignleft\" src=\"http:\/\/kathrinfutter.ch\/blog\/wp-content\/uploads\/2020\/08\/kathrin_futter_2020.jpg\" alt=\"\" width=\"177\" height=\"234\" srcset=\"http:\/\/kathrinfutter.ch\/blog\/wp-content\/uploads\/2020\/08\/kathrin_futter_2020.jpg 719w, http:\/\/kathrinfutter.ch\/blog\/wp-content\/uploads\/2020\/08\/kathrin_futter_2020-227x300.jpg 227w\" sizes=\"(max-width: 177px) 100vw, 177px\" \/><span style=\"font-size: inherit;\">Dieser Weblog wird als privater Bildungsblog seit dem April 2008 von Kathrin Futter (<\/span><a style=\"font-size: inherit;\" title=\"https:\/\/www.xing.com\/profile\/Kathrin_Futter\" href=\"https:\/\/www.xing.com\/profile\/Kathrin_Futter\" target=\"_blank\" rel=\"noopener noreferrer\">Profil<\/a><span style=\"font-size: inherit;\">) gef\u00fchrt. Ich berichte und reflektiere hier in loser Folge Aspekte meiner Arbeit.<\/span><\/p>\n<p>Haupts\u00e4chlich sind dies Themen der Lehrer\/-innenbildung, der Hochschuldidaktik, der Bildungsforschung, des Unterrichtscoachings oder der P\u00e4dagogischen Psychologie im Allgemeinen. Zudem auch immer mal wieder Web 2.0 in der Lehre, Informationsverwaltung im Netz etc.<\/p>\n<p>Seit meinem Studienabschluss an der Universit\u00e4t Z\u00fcrich (P\u00e4dagogische Psychologie, Angewandte Psychologie, Sonderp\u00e4dagogik) im Jahre 2005, arbeitete ich sowohl als Wissenschaftliche Mitarbeiterin in der <a href=\"http:\/\/www.hochschuldidaktik.uzh.ch\" target=\"_blank\" rel=\"noopener noreferrer\">Hochschuldidaktik<\/a> der Universit\u00e4t Z\u00fcrich als auch in der\u00a0<a href=\"http:\/\/www.unifr.ch\/lb\/web\/de\/lds1\/\" target=\"_blank\" rel=\"noopener noreferrer\">Lehrerinnen- und Lehrerbildung<\/a> f\u00fcr die Sekundarstufe I an der Universit\u00e4t Fribourg, wo ich f\u00fcr die <a href=\"http:\/\/www.unterrichtscoaching.ch\" target=\"_blank\" rel=\"noopener noreferrer\">Aus- und Weiterbildung von Praktikumslehrpersonen<\/a> zust\u00e4ndig war. Von 2009 bis 2016 doktorierte ich berufsbegleitend bei Prof. Dr. Fritz Staub im vom Schweizerischen Nationalfond unterst\u00fctzten Projekt &#8222;<a href=\"http:\/\/www.ife.uzh.ch\/de\/research\/lehrstuhlstaub\/forschung\/abgeschlosseneprojekte\/coaching.html\" target=\"_blank\" rel=\"noopener noreferrer\">Wirkungen von fachspezifischem Coching in Lehrpraktika<\/a>&#8220; ebenfalls an der Universit\u00e4t Fribourg resp. seit dem Wechsel unseres Forschungsteam an die Universit\u00e4t Z\u00fcrich im Jahre 2012 am Lehrstuhl f\u00fcr <a href=\"http:\/\/www.ife.uzh.ch\/research\/lehrstuhlstaub.html\" target=\"_blank\" rel=\"noopener noreferrer\">Gymnasialp\u00e4dagogik sowie Lehr-und Lernforschung.<\/a> Im Juli 2016 schloss ich meine Dissertation ab, welche nun als E-Diss (Link folgt) zur Verf\u00fcgung steht. Von 2009 bis 2016 war ich in der <a href=\"https:\/\/www.unibas.ch\/de\/Universitaet\/Administration-Services\/Vizerektorat-Lehre-Entwicklung\/Hochschuldidaktik.html\" target=\"_blank\" rel=\"noopener noreferrer\">hochschuldidaktischen Personalentwicklung<\/a> der Universit\u00e4t Basel als Dozentin t\u00e4tig und von 2013 bis 2016 leite ich an der <a href=\"http:\/\/www.phzh.ch\" target=\"_blank\" rel=\"noopener noreferrer\">PH Z\u00fcrich<\/a> die Stabsstelle &#8222;Konzeption und Koordination der Berufspraktischen Ausbildung&#8220; und den CAS &#8222;<a href=\"http:\/\/www.phzh.ch\/de\/Weiterbildung\/CAS-Ausbildungscoach-Schulpraxis-n144141558.html\" target=\"_blank\" rel=\"noopener noreferrer\">Ausbildungscoach Schulpraxis<\/a>&#8222;. Seit Juli 2016 bin ich Prorektorin Ausbildung an der <a href=\"https:\/\/www.phsz.ch\/home\/\">P\u00e4dagogischen Hochschule Schwyz<\/a>.<\/p>\n<p>Vor meinem Studium unterrichtete ich als acht Jahre als Primarschullehrerin an der Mittelstufe des Kantons Z\u00fcrich, absolvierte ein Kontaktstudium der Erwachsenenbildung an der PH Weingarten bei Prof. Dr. D. Wahl und war als Praktikumslehrerin und Kursleiterin f\u00fcr das ehemalige Primarlehrer\/-innen-Seminar (Abteilung Irchel) t\u00e4tig.<\/p>\n<p style=\"text-align: left;\"><span style=\"font-weight: bold;\">Mitgliedschaften: <\/span><\/p>\n<ul>\n<li>European Association for Research on Learning and Instruction, EARLI<\/li>\n<li>Schweizerische Gesellschaft f\u00fcr Bildungsforschung, SGBF<\/li>\n<li>Schweizerische Gesellschaft f\u00fcr Lehrerinnen- und Lehrerbildung, SGL<\/li>\n<\/ul>\n<p><strong>Gutachtert\u00e4tigkeit:<\/strong><\/p>\n<ul>\n<li>Beitr\u00e4ge zur Lehrerbildung<\/li>\n<li>Zeitschrift f\u00fcr Bildungsforschung<\/li>\n<\/ul>\n<p style=\"text-align: justify;\"><span style=\"font-weight: bold;\">Impressum<\/span><\/p>\n<p>Ich \u00fcbernehme keine Verantwortung oder Haftung f\u00fcr die Inhalte externer Websites. Ich bem\u00fche mich, soweit m\u00f6glich, zum Zeitpunkt der Verlinkung s\u00e4mtliche Links auf ihre juristische Unbedenklichkeit zu pr\u00fcfen. Sollten \u00c4nderungen bei diesen Links eingetreten sein, die Rechte Dritter verletzt werden oder gegen geltende Gesetze verstossen worden sein, werde ich diese Links nach Kenntnisnahme entfernen. Es liegt in der Natur des Angebotes, Verweise auf Inhalte Dritter durch Text- und \/oder Bildzitate zu illustrieren, sofern kein Text und kein Bild aus Eigenproduktion geeignet scheint. Ich mache keine Speicherkopien urheberrechtlich gesch\u00fctzten Originale. Sollten dennoch urheberrechtliche Verletzungen eintreten, so ist dies nicht in meinem Sinne und ich entferne diese, nach entsprechenden Hinweisen, sofort.<\/p>\n<p>F\u00fcr die Kommentare auf meinem Blog\u00a0 sind die jeweiligen Verfasserinnen und Verfasser verantwortlich.<\/p>\n<p><a href=\"http:\/\/kathrinfutter.ch\/blog\/wp-content\/uploads\/2007\/02\/kfutter1202.jpg\"><img loading=\"lazy\" decoding=\"async\" class=\"alignnone size-full wp-image-766\" title=\"kfutter1202\" src=\"http:\/\/kathrinfutter.ch\/blog\/wp-content\/uploads\/2007\/02\/kfutter1202.jpg\" alt=\"\" width=\"174\" height=\"124\" \/><\/a><\/p>","protected":false},"excerpt":{"rendered":"<p>Dieser Weblog wird als privater Bildungsblog seit dem April 2008 von Kathrin Futter (Profil) gef\u00fchrt. Ich berichte und reflektiere hier in loser Folge Aspekte meiner Arbeit. Haupts\u00e4chlich sind dies Themen der Lehrer\/-innenbildung, der Hochschuldidaktik, der Bildungsforschung, des Unterrichtscoachings oder der &hellip; <a href=\"http:\/\/kathrinfutter.ch\/blog\/about\">Weiterlesen <span class=\"meta-nav\">&rarr;<\/span><\/a><\/p>\n","protected":false},"author":1,"featured_media":0,"parent":0,"menu_order":0,"comment_status":"closed","ping_status":"open","template":"","meta":{"footnotes":""},"class_list":["post-2","page","type-page","status-publish","hentry"],"aioseo_notices":[],"_links":{"self":[{"href":"http:\/\/kathrinfutter.ch\/blog\/wp-json\/wp\/v2\/pages\/2"}],"collection":[{"href":"http:\/\/kathrinfutter.ch\/blog\/wp-json\/wp\/v2\/pages"}],"about":[{"href":"http:\/\/kathrinfutter.ch\/blog\/wp-json\/wp\/v2\/types\/page"}],"author":[{"embeddable":true,"href":"http:\/\/kathrinfutter.ch\/blog\/wp-json\/wp\/v2\/users\/1"}],"replies":[{"embeddable":true,"href":"http:\/\/kathrinfutter.ch\/blog\/wp-json\/wp\/v2\/comments?post=2"}],"version-history":[{"count":41,"href":"http:\/\/kathrinfutter.ch\/blog\/wp-json\/wp\/v2\/pages\/2\/revisions"}],"predecessor-version":[{"id":2242,"href":"http:\/\/kathrinfutter.ch\/blog\/wp-json\/wp\/v2\/pages\/2\/revisions\/2242"}],"wp:attachment":[{"href":"http:\/\/kathrinfutter.ch\/blog\/wp-json\/wp\/v2\/media?parent=2"}],"curies":[{"name":"wp","href":"https:\/\/api.w.org\/{rel}","templated":true}]}}